 -11. What is the remainder when v(m) is divided by p?
9
Let c(a) = -a**2 + 10*a + 12. What is the remainder when 83 is divided by c(9)?
20
Suppose -5*a - 2 = -27. Let y(n) = n**3 - 6*n**2 + 4*n + 6. Let d(z) = -z - 3. What is the remainder when y(a) is divided by d(-4)?
0
Suppose 0 = -2*h + 34 - 10. Suppose -z = -5*z - h. What is the remainder when (-10)/z*6/4 is divided by 2?
1
Suppose o - 1 = 1. Suppose -3*f + o*l = -61, -5*f + 52 + 53 = -4*l. What is the remainder when f is divided by 36/(-20)*5/(-1)?
8
Suppose 2*c + 19 = 4*a + 3*c, 4*c = -2*a + 6. Suppose -2*d + 2*r = -a*d + 25, -5*d = 4*r - 39. What is the remainder when d is divided by 6?
5
Let v(y) = 3*y**2 + 8*y - 40. Calculate the remainder when v(-9) is divided by 19.
17
Let z be ((-1 + -16)*7)/(-1). Suppose 0 = -d + 3*b + 16, 0*d - 2*b - z = -5*d. Calculate the remainder when d is divided by 13.
12
Let c = 1 - -1. Suppose -c*y + 98 = -110. Suppose 0 = 4*g - 4*r - y + 16, 5*g + 2*r = 131. Calculate the remainder when g is divided by 13.
12
Suppose 2*z - 270 = -8*z. What is the remainder when 50 is divided by z?
23
Let p(h) = h**2 - 7*h - 8. Let y be p(8). Suppose -4*r + 4 + 24 = y. Suppose 4*u - 3*b - 13 = 5*u, -u + r = -b. What is the remainder when 3 is divided by u?
1
Suppose 0 = -4*o + 5*o - 6. Calculate the remainder when (-21 - 0)/(o/(-4)) is divided by 8.
6
Suppose -3*y - 5*a + 3 + 2 = 0, 5*y - a = 27. Suppose -5*w = -2*m - 57, -7*m + 3*m - 48 = -4*w. What is the remainder when 17 + y - (0 + 2) is divided by w?
9
Let b(t) = 7*t + 42*t + 9*t - 1. Calculate the remainder when b(1) is divided by 15.
12
Let y(a) = a + 35. What is the remainder when 63 is divided by y(-7)?
7
Suppose -2*l = -4*l. Suppose 5*k - 3*s - 52 = -l*s, 5*k = s + 54. Calculate the remainder when 32 is divided by k.
10
Suppose 3*s - 108 = -s. Let v = -5 + s. Calculate the remainder when 87 is divided by v.
21
Let o = 34 - 17. Calculate the remainder when o is divided by 9.
8
Let q(t) = t**2 + t - 2. Let m be q(-2). Let i = m - -4. Calculate the remainder when 10 is divided by i.
2
Suppose 10 = -d + 2*d. What is the remainder when 3 + 0 + d*2 is divided by 12?
11
Suppose 1 = a - 5. Let c(d) = -d + a + 2 + 2*d. Calculate the remainder when c(-4) is divided by 2.
0
Suppose 3*a - 378 = -0*a. Calculate the remainder when a/4 - (-4)/(-8) is divided by 11.
9
Let n(d) be the first derivative of d**3 - d**2 - d + 5. Calculate the remainder when n(-2) is divided by 9.
6
Let o(q) = 2*q - 16. Let p be o(8). Suppose 2*r = -p*r + 36. Calculate the remainder when 51 is divided by r.
15
Let u(p) = 2*p**2 - p + 7. Let j be u(8). Let a = -90 + j. Calculate the remainder when a is divided by 10.
7
Suppose -3 = -f + 4*a, -3*f - a + 9 = a. Suppose 2*g - f*m - 6 = 3, 0 = 3*g + 2*m - 7. Suppose -2*x + g*x = 28. Calculate the remainder when x is divided by 15.
13
Let s = 5 - -7. Calculate the remainder when s is divided by 7.
5
Suppose 5*b + 62 - 208 = -4*w, 5*b - 5*w - 110 = 0. Suppose -2*y = -5*u - 2 + 55, 0 = -3*u + 2*y + 35. What is the remainder when b is divided by u?
8
Suppose 0 = -3*h + 50 - 29. What is the remainder when 59 is divided by h?
3
Suppose 3*h - k = 0, 10*k = -2*h + 5*k - 17. What is the remainder when 16 is divided by 2 - (h + 12/(-2))?
7
Let a = -66 + 96. Calculate the remainder when a is divided by 17.
13
Let c be 3/9 + 44/3. Let m = -2 + 8. What is the remainder when (-6)/c - (-87)/5 is divided by m?
5
Let v be (1 + 11)*12/8. Suppose 5*f = 4*f. Suppose 4*q - q - v = f. What is the remainder when q is divided by 4?
2
Let v = 25 - -14. Suppose 2*h + i - v = 0, -3*h + i + 50 = 4. Calculate the remainder when h is divided by 9.
8
Let r(x) = x**2 + 6*x + 5. Suppose 0 = 3*m + 4*u + 14, 4*u + 4 = -3*m + 2*u. Calculate the remainder when r(-6) is divided by m.
1
Let r be 1650/9*(-12)/(-10). Suppose 0*h + 2*h = -s + 58, -3*h + 4*s + 65 = 0. Calculate the remainder when 34 is divided by r/18 - 6/h.
10
Let o be -7*(0 - (-4 - 0)). Let g = -3 - o. Suppose -3*a + 4*a - g = 0. Calculate the remainder when a is divided by 9.
7
Suppose -4*m + 4*i = -240, 0 = 2*m + 2*i - 220 + 88. Calculate the remainder when m is divided by 13.
11
Let k(t) = t**2 - 3. Let h be k(0). Calculate the remainder when 30 is divided by -2 + (-2 - -15) + h.
6
Calculate the remainder when 6 is divided by 8/3*12/8.
2
Suppose 2*h = -2*t - 30, 0 = -2*t + h - 12 - 15. Let x = t - -23. Calculate the remainder when x is divided by 5.
4
Suppose -46 = -t + 3*i + 82, 4*t = 2*i + 542. What is the remainder when t is divided by 35?
32
Let q(u) = -u**3 - 4*u**2 + 6*u + 7. Let k be q(-5). Suppose -k*n - 33 = -4*p - 9, -13 = -3*p + 4*n. What is the remainder when 11 is divided by p?
4
Suppose -2*d + 9*h - 6*h = -149, -5*d - h = -364. What is the remainder when d is divided by (38/8)/(2/8)?
16
Suppose 3*l = 3*i + 147, 7*i = 2*l + 2*i - 101. What is the remainder when l is divided by 17?
14
Suppose 3*x + 38 = -b, b + 68 = -5*x + 4*b. Let v = 24 + x. What is the remainder when 68/2 + (-6)/3 is divided by v?
10
Let f = -8 + 17. Let d = -8 - -33. Let h = f + d. Calculate the remainder when h is divided by 12.
10
Let d(t) = t**3 + 2*t**2 - 2*t - 4. What is the remainder when 19 is divided by d(2)?
3
Suppose -12 = 2*z + 5*b, 2*z + b = 4*b + 4. Let o be ((-12)/(-9))/((-4)/(-78)). What is the remainder when -5 + o - (z - 1) is divided by 8?
7
Suppose 6*l - 6 = 3*l. What is the remainder when (-53)/l*(0 - 2) is divided by 14?
11
Suppose 18*d - 75 = 13*d. Calculate the remainder when 133 is divided by d.
13
Let t(m) = 2*m**2 - 5*m - 6. Suppose -2*f + 4*f = -12. Let s(r) = r**3 + 7*r**2 + 6*r + 7. What is the remainder when t(5) is divided by s(f)?
5
Let f = 1 + 2. Let z = f + 2. Suppose 31 + 29 = z*x + m, 5*m = -4*x + 69. What is the remainder when 31 is divided by x?
9
Suppose 0 = 4*o - 20, 8*x + 2*o = 3*x. What is the remainder when 4/3*(15 + 0) is divided by ((-1)/(-2))/(x/(-28))?
6
Calculate the remainder when ((-801)/18)/(1/(-2)) is divided by 18.
17
Let f be (0 - 0)*2/(-4). Suppose -o + 28 - 8 = f. Suppose j - 9 - 16 = 3*m, -o = -2*j - 4*m. What is the remainder when 30 is divided by j?
14
Suppose -2*w - 9 = -23. What is the remainder when 11 is divided by w?
4
Suppose -p + 2*t = p - 20, 4*p + 4*t = 64. What is the remainder when p is divided by -2*((-7)/(-2))/(-1)?
6
Let r = -13 + 7. Let s(h) = h**3 + 8*h**2 + 10*h + 9. Calculate the remainder when s(r) is divided by 11.
10
Suppose 4*v - 3*y - 67 = -v, v + 1 = -3*y. What is the remainder when 75 is divided by v?
9
Let n = -47 + 7. Let o = 62 + n. What is the remainder when o is divided by 8?
6
Suppose 0 = -2*m + 3*m - 99. What is the remainder when m is divided by 25?
24
What is the remainder when ((-128)/(-5))/((-4)/(-10)) is divided by 17?
13
Let n = -210 + 299. What is the remainder when n is divided by 15?
14
Let l be (-6)/(-9) + (-110)/(-6). Suppose 0 = -h + 4, 2*s - l = -5*h + 29. What is the remainder when 26 is divided by s?
12
Let f(u) = -2*u**3 - u - 1. Calculate the remainder when f(-3) is divided by 19.
18
Let d be 26/8 + (-1)/4. Suppose d*s + 5 = -5*u + 30, 0 = 5*u - 5*s - 65. What is the remainder when u is divided by 3?
2
Let k = -185 - -205. What is the remainder when ((-74)/3)/((-4)/6) is divided by k?
17
Let n = 11 - 7. What is the remainder when (3/(-2))/((-3)/n) is divided by 1?
0
Suppose f + 15 = 6*f. Suppose -2*y + 0*q = 4*q - 88, 192 = 5*y - 4*q. Calculate the remainder when y is divided by (1 - 3/f) + 21.
19
Suppose x + 42 = -y + 6*y, -38 = -4*y + 3*x. Let t = -4 + 7. What is the remainder when y is divided by t?
2
Let s be (2/4)/((-2)/(-32)). Let y(r) = 5*r + 2. Calculate the remainder when y(3) is divided by 2/s + (-70)/(-8).
8
Suppose 3*o - 3 + 0 = 0. Let g(s) = 12*s**2. What is the remainder when 45 is divided by g(o)?
9
Suppose 11*g + 8 = 13*g. Calculate the remainder when 11 is divided by g.
3
Calculate the remainder when (-4)/22 - (-5040)/132 is divided by 8.
6
Suppose 2*w + 4*k = -0*k, 4*k = 4*w - 24. Suppose 5*a + w*p - 1 = -35, 13 = -3*a + 5*p. Let c = a - -29. Calculate the remainder when c is divided by 13.
10
Let p(d) = d + 9*d + 2 - 3*d. What is the remainder when 45 is divided by p(2)?
13
Let y = -29 + 49. Calculate the remainder when 77 is divided by y.
17
Let n = -3 + 5. Sup